w - 108 = 0. What is the remainder when w is divided by 10?
7
Let m = -17 - -10. Let k be (2/(-2) + m)/(-2). Suppose -5*y + 0*g + 13 = k*g, 2*g = y - 11. What is the remainder when 13 is divided by y?
3
Suppose 0 = 2*v - 2, 111 = -4*t + 2*v - 3*v. Let b = 34 + t. What is the remainder when b is divided by 3?
0
What is the remainder when 27 is divided by ((-13)/(-13))/(1/15)?
12
Let z be (8/(-10))/((-22)/(-1375)). Suppose k - 14 = 2. Calculate the remainder when k is divided by ((-60)/z)/(2/15).
7
Let c(f) = f**3 + 7*f**2 + 3*f + 1. What is the remainder when c(-3) is divided by 10?
8
Suppose -2*i + 68 = 2*k, 3*k + 2*i = 140 - 43. Suppose 2*h + 0 = -l + 14, l - 12 = -h. Calculate the remainder when k is divided by l.
9
Let x(v) be the first derivative of v**2 - 2*v - 3. Let d be x(-3). Let g = d + 19. Calculate the remainder when 31 is divided by g.
9
Let f = -100 + 140. Calculate the remainder when 157 is divided by f.
37
Suppose -5*f - s + 10 = 0, 4*f + 3*s = 2 + 6. What is the remainder when -41*(3 - (6 - f)) is divided by 11?
8
Let x(w) = -w**2 - w - 9. Let h be x(4). Let l = h - -46. Calculate the remainder when l is divided by 9.
8
Let x(q) = -2*q - 13. Let b be x(-11). Let h = 20 - b. Calculate the remainder when 19 is divided by h.
8
Let r be 32/14 + 2/(-7). Suppose -330 = -r*s + 5*u, -2*u - 258 = -s - 94. Suppose 0 = 8*v - 3*v - s. What is the remainder when v is divided by 11?
10
Let q(h) = -2*h**2 + h + 8. Let p = -5 - -10. Calculate the remainder when q(0) is divided by p.
3
Suppose -3*n - 6 = 2*b - 21, 5*n = b - 14. Calculate the remainder when b is divided by 4.
1
Let z be (-3)/15 + 123/15. What is the remainder when (17/2)/(4/z) is divided by 10?
7
Let g be (8/20)/((-2)/70). Let a = g - -39. Suppose -a = -4*v + 23. Calculate the remainder when v is divided by 7.
5
Let c = 20 - 9. Let z = -6 + c. Calculate the remainder when 32 is divided by z.
2
Suppose -2*o + 5*h + 31 = 2*o, h = -4*o + 37. Let w(x) = -x**3 - x**2 + x + 5. Let p be 0/1*(-2)/(-4). Calculate the remainder when o is divided by w(p).
4
Calculate the remainder when (-4 + 3)*1*-97 is divided by 33.
31
Calculate the remainder when 34 is divided by ((-456)/(-96))/(2/8).
15
Suppose -3*k + 26 = 3*u - 1, 0 = 2*u + 4. Suppose 4*a + 24 = t + 4, -a = -t + 35. What is the remainder when t is divided by k?
7
Let y = 5 + -2. Let k be (29/(-2))/(y/12). What is the remainder when (k/(-5))/((-4)/(-20)) is divided by 20?
18
Suppose -9 = 4*n - 33. Calculate the remainder when n is divided by 2.
0
Let m(d) = -d**3 + 6*d**2 - 2*d + 4. Let y be ((-4)/(-10))/(3/30). Calculate the remainder when m(y) is divided by 15.
13
Let i(w) = 8*w - 9. What is the remainder when i(9) is divided by 22?
19
Let c(b) = 0*b - 2*b**2 + 2*b + 3*b**2 - 4. Calculate the remainder when 32 is divided by c(-5).
10
Suppose 2*n + 42 = 2*j, 0 = j + 6*n - n - 9. Suppose r - 3 = 70. Calculate the remainder when r is divided by j.
16
Let b be -1 + 1 - 0/14. Suppose -3*a - 1 + 43 = b. Calculate the remainder when 27 is divided by a.
13
Let x(t) = t + 1. Let s(b) = b + 2. Let n(g) = s(g) - 3*x(g). What is the remainder when (-136)/(-22) - 14/77 is divided by n(-2)?
0
Let q(v) = -2*v - 3. Let c be q(-4). Suppose 18 = c*x - 2. Suppose 2*t - x*t = -70. Calculate the remainder when t is divided by 12.
11
Let g = -5 + 4. Calculate the remainder when 7 is divided by g/3 + (-7)/(-3).
1
Let c = -24 - -31. What is the remainder when 26 is divided by c?
5
Let z = -333 - -540. Calculate the remainder when z is divided by 42.
39
Suppose 0*q + 168 = 4*q. Let b = -1 - -6. Suppose b*j - 4*d = 94, -5*j - 4*d + 125 = -1. What is the remainder when q is divided by j?
20
Let z = 9 + -4. Suppose 111 = z*v - 34. What is the remainder when v is divided by 8?
5
Suppose 458*u - 448*u - 950 = 0. Suppose -w - 2*j = -5 - 17, -5*j = 2*w - 43. Calculate the remainder when u is divided by w.
23
Suppose 0 = 3*n, 5*n - 16 - 34 = -2*t. What is the remainder when t is divided by 16?
9
Suppose -i = -6*i. Let j(o) = -18*o + 1. Calculate the remainder when j(-4) is divided by 5/(20/76) - i.
16
Let f = 114 - 107. Calculate the remainder when 25 is divided by f.
4
Let y = -39 - -98. Suppose -2*m - 5*w + 4 = -21, 0 = 5*m + 3*w - 72. Calculate the remainder when y is divided by m.
14
Suppose 0 = 4*w - 4*c - 68, -5*c = -3*w + w + 34. Suppose -4*i + 2*x + 108 = 0, i - w = 4*x + 24. What is the remainder when i is divided by 14?
11
Let j = 30 - 1. Calculate the remainder when j is divided by 12.
5
Let g(s) = 18*s + 3. What is the remainder when 50 is divided by g(1)?
8
Let z(q) = 2*q - 2. What is the remainder when (-118)/(-3) + (-4)/(-6) is divided by z(8)?
12
Suppose -32 + 8 = -4*s. Let q(z) = z**2 - 5*z - 1. Suppose 6*r - 2*r - 8 = 0. What is the remainder when q(s) is divided by r?
1
Let f = -10 + 14. Suppose f*l - 87 = -15. Calculate the remainder when l is divided by 5.
3
Suppose -4*l + 45 = -3. Suppose 8 = 5*j - 17. Let u = j - -29. What is the remainder when u is divided by l?
10
Let b be 14*(-2 + 1)*1. Let u(s) = -2*s - 5. What is the remainder when 66 is divided by u(b)?
20
Let k(s) = 8*s**2 + s - 5 + s**3 - 5*s + 1. What is the remainder when k(-8) is divided by 15?
13
Suppose -15 = -5*p - 0*p. Suppose -2*h + 4 = 0, -3*h + 26 = p*g - 28. Calculate the remainder when 31 is divided by g.
15
Calculate the remainder when -1*(0 + -1) + 0 is divided by 6/7 - (96/14 + -7).
0
Let c = 59 - 46. Let o(k) = -37*k + 1. Let q = 0 - 1. Calculate the remainder when o(q) is divided by c.
12
Let u(l) = l**3 + 2*l**2 - l. Let m be u(1). Suppose m*v - 64 = -2. Let j = 36 - 20. Calculate the remainder when v is divided by j.
15
Let g = 18 + -10. Calculate the remainder when 28 is divided by g.
4
Suppose 0 = -0*f + 3*f - 27. Suppose y + 0*y = f. Calculate the remainder when y is divided by (-2)/8 - 105/(-20).
4
Suppose -9 = -3*l, -k - 4*l = -7*l + 44. Calculate the remainder when k/5*(-2)/7 is divided by 1.
0
Suppose -3*c - 62 = -116. What is the remainder when 231 is divided by c?
15
Let s be 2 - 0/((-4)/4). Suppose s*x + 40 = 7*x. Calculate the remainder when 23 is divided by x.
7
Suppose -i = -30 - 15. Suppose -4*x + i = x. Calculate the remainder when 16 is divided by x.
7
Let s = -2 + 4. Let r be 2 - (3 + (s - 3)). Calculate the remainder when 41 is divided by (2 - r) + 12 + 0.
13
Suppose 0 = -4*u + g + 18, -8 = -2*u - 3*g + 8. Suppose 3*q - 5 = -j, -4*j = -4*q - 4 + 32. Calculate the remainder when u is divided by (6/j)/(6/(-8)).
1
Let i be -10*1/2*-2. Let m = i + -4. Calculate the remainder when 15 is divided by m.
3
Let j be (4/6)/((-4)/(-12)). Suppose j*d = -d. Suppose -5*m + d*m + 15 = 0. Calculate the remainder when m is divided by 2.
1
Suppose -5*l + 0*s - 3*s + 95 = 0, -4 = l - 4*s. Calculate the remainder when 3/12 + 524/l is divided by 9.
6
Let m be (-12)/9*(-1 + -2). Suppose 5 = -f - 5*v + 18, -v = -2*f + m. What is the remainder when f is divided by 3?
0
Suppose 0 = -c - 0*c + 27. Calculate the remainder when c is divided by 14.
13
Suppose b + 15 = -4*b. Let d be -1 - -1*b/1. Let n = d + 26. Calculate the remainder when 64 is divided by n.
20
Let b(h) = 21*h**2 + 2*h + 1. Calculate the remainder when 34 is divided by b(-1).
14
Let a(c) = c**2 - c - 4. Let v be a(0). Calculate the remainder when 20 is divided by (7/2)/((-2)/v).
6
Let p be 12 + 154 + (2 - 0). Suppose o + 2*o = p. What is the remainder when o is divided by 19?
18
Let g(f) be the third derivative of 0*f**4 - 2/3*f**3 + 0*f + 0 + 1/60*f**5 - 2*f**2. What is the remainder when 62 is divided by g(5)?
20
Let p = -7 + 10. Suppose -2*k - p*k = -100. Let u(j) = -j**2 + j + 7. Calculate the remainder when k is divided by u(0).
6
Let x(a) = a + 46. Calculate the remainder when x(-23) is divided by 12.
11
Suppose l = -l + 146. Suppose -2*a - 9 = -l. What is the remainder when a is divided by 11?
10
Let o be ((-1)/((-3)/(-24)))/(-2). Let g(l) = 2*l + 2. Suppose -n - 2*s - 2*s = 8, 0 = 3*n + 4*s. What is the remainder when g(o) is divided by n?
2
Suppose 0 = -4*m + 50 + 70. Suppose -2*q = -124 - 110. What is the remainder when q is divided by m?
27
Suppose 2 + 6 = 4*i. Suppose 0 = i*l - 0*l + 44. Let k = l - -38. Calculate the remainder when k is divided by 6.
4
Let a(f) = -2*f + 2. What is the remaind